 430 is divided by v.
14
What is the remainder when (-21414)/(-10) - ((-1053)/(-3645) + (-1)/(-9)) is divided by 32?
29
Let w(c) = -19*c + 691. What is the remainder when w(27) is divided by 19?
7
Calculate the remainder when (25/(-100))/(-2*1/584) is divided by 19.
16
Let c(x) = 3*x**2 + 486*x + 965. What is the remainder when 4644 is divided by c(-2)?
4
Let d(h) = -h**3 + 3*h**2 + 40. Let i be d(5). Let v(k) = -11*k + 7 - 2*k + 3. What is the remainder when v(i) is divided by 47?
46
Let j(u) = u**3 + 9*u**2 - 4*u - 113. Let y be j(-6). Suppose 2*c - y*c = -1207. Calculate the remainder when c is divided by 37.
34
Suppose k - 5*k - y = 12, -4*k + 3*y = -4. What is the remainder when 6/24 - 1/(12/(-513)) is divided by ((-6)/9)/(k/69)?
20
Let w be (-8)/16 - 42/4. Let k = w - -27. Suppose -400 = 17*q - 57*q. What is the remainder when k is divided by q?
6
Let d(o) = -12*o**2 + o - 1. Let n be d(-1). Let z = n - -17. What is the remainder when 24 is divided by (0 - -2) + (2 - -4) + z?
2
Calculate the remainder when 1535 is divided by 6/51 - (-111)/357 - 5744/(-56).
93
Let n(p) = p**3 - p**2 - 7*p + 6. Let q be n(3). Suppose q*w - 4*w = -10. Calculate the remainder when 32 is divided by w.
2
Let l = 1689 + -560. Suppose 18*j - 3595 = -l. What is the remainder when j is divided by 21?
11
Suppose 0 = l + 4*l - 5*h - 210, 4*h + 42 = l. Suppose 0 = -13*w - 14*w + 6969 - 6024. What is the remainder when l is divided by w?
7
Let c(f) = 57*f - 372. Calculate the remainder when 2/6 - 143/(-3) is divided by c(7).
21
Calculate the remainder when 9/(-18) + (-207)/(-6) is divided by -7*((-3)/(-5))/(140/(-200)).
4
Let v be (-13)/((-221)/527) + 2/1. Let r = 41 - v. What is the remainder when 39 is divided by r?
7
Suppose -37*o = -13*o - 39379 + 7627. Calculate the remainder when o is divided by 85.
48
Let z = -2144 + 2248. Calculate the remainder when 1349 is divided by z.
101
Let j = -1469 - -1513. Let r = 15 + -15. Suppose -4 = -2*y - 3*w, 3*y + 4*w + 3 - 10 = r. Calculate the remainder when j is divided by y.
4
Suppose -34*s + 32628 - 12900 = -10*s. Calculate the remainder when s is divided by 69.
63
Let d = -1 - -5. Let v = 18 - 3. Let w(a) = 3*a**2 - 46*a + 22. What is the remainder when w(v) is divided by d?
3
Suppose -9*o = -470 - 2473. Let i = o - 113. Calculate the remainder when i is divided by 12.
10
Calculate the remainder when (-70)/(-23 - -9) + 230 is divided by 123.
112
Suppose 15*b - 31 - 104 = 0. Suppose -3*z - 5*v = 1402, 3*z + 2*v = -2*v - 1400. What is the remainder when (b/4)/((-6)/z) is divided by 22?
20
Let x = -68 + 40. Let g be 441/x + 6/8. What is the remainder when 29 is divided by (-40)/6*1*18/g?
5
Suppose -54 = 4*a - 4*j + 46, 5*a - j = -121. Let d be (2 + 0)/((-16)/a). Suppose -41 = -d*v + 2*v. Calculate the remainder when v is divided by 11.
8
Let p be (105/(-18))/(2/(-24)). Let h = -56 + p. What is the remainder when 290 is divided by h?
10
Suppose -3*o = -4 - 17. What is the remainder when -6 + 111 + o + -3 is divided by 32?
13
Let q = -5020 + 5030. Calculate the remainder when 2193 is divided by q.
3
Let g = -6031 - -7946. Calculate the remainder when g is divided by 101.
97
Suppose -10*h - 25 = -15*h. What is the remainder when 10/4*(-408)/(-60) is divided by h?
2
Suppose -5*m + 279 = 4*t + 48, -5*m - 93 = -2*t. Let g = 3900 + -3889. Calculate the remainder when t is divided by g.
10
Suppose -2*n = -7*n + 215. Suppose -5*h = -4*g + 7*g - 74, -43 = -g + 2*h. Suppose p - 92 - g = 0. What is the remainder when p is divided by n?
39
Let c = 38503 - 35272. What is the remainder when c is divided by 22?
19
What is the remainder when (-2)/(-16) - (-22035)/104 is divided by 40?
12
Suppose 0 = 8*m + 8*m - 1072. Suppose -4*n + 128 = -4*y, 2*n - y = -2*y + m. What is the remainder when 51 is divided by n?
18
Suppose -2*n + 454 = -3*t, -4*n + 250 = -4*t - 670. Calculate the remainder when 1187 is divided by n.
7
Suppose 0 = 411*j - 412*j + 4. Calculate the remainder when (6 - 1) + j + -4 + 90 is divided by 49.
46
Suppose -3*j = -3*g + 637 - 706, -3*j = -g - 75. What is the remainder when 414 is divided by j?
24
Let n be ((-1 - -1)/(-5))/(-1). Suppose n = -3*z + 4 - 61. Let d = z - -32. What is the remainder when d is divided by 5?
3
Suppose 4*o - 8 = -4*o. Suppose 4*f + 2 - 6 = 3*b, f - b = o. Suppose 206 = 4*m + 3*r - f, 4*m + r - 213 = 0. Calculate the remainder when m is divided by 28.
26
Suppose -19649 - 12552 = -149*r + 9221. Suppose k + 60 = 4*k. What is the remainder when r is divided by k?
18
Suppose -a + 166 = -4*q, 4*q - 158 = 9*a - 10*a. Let r = 159 - 82. Let w = r - 44. What is the remainder when a is divided by w?
30
Suppose -237*z + 207*z + 98970 = 0. What is the remainder when z is divided by 29?
22
Let d(q) = q**2 - 97*q + 304. What is the remainder when 2949 is divided by d(95)?
99
Suppose 12 = -2*t + 6*t. Suppose -8*h - t*h = -539. What is the remainder when 96 is divided by h?
47
Let s = -142 + 140. Calculate the remainder when 22/(1 - 2/s) is divided by 2 + (-4)/(-16)*4.
2
Let q = 70 + 126. Suppose 57*o = 64*o - q. Calculate the remainder when o is divided by 10.
8
Suppose 0 = -5*l + l + 8. Suppose 3*k - u + 64 = 7*k, 3*u = l*k - 46. Calculate the remainder when 303 is divided by k.
14
Let t(u) = 7*u**2 + 36*u + 8. Let w be t(-5). Suppose 0*s + w*q + 167 = 2*s, -4*s + 329 = -q. What is the remainder when s is divided by 16?
2
Let b = -45 - -43. Let i be b + -1 - (-1 - 12). Suppose -94 = -y - 3*y - 5*s, 5*s - i = 0. What is the remainder when 60 is divided by y?
18
Let w = 13847 - 13831. What is the remainder when 494 is divided by w?
14
Let r be (-226)/4*1*2. Suppose -2*s + 77 - 91 = 0, -2*s + 131 = -w. Let f = r - w. What is the remainder when 156 is divided by f?
28
Let b(y) = -4*y**2 - 53*y - 30. What is the remainder when 780 is divided by b(-10)?
80
Suppose 3*u = -4*d + 509, -5*u + 346 = 4*d - 497. Calculate the remainder when u is divided by 61.
45
Let v(c) = -6*c**2 + 4 - 9 + 3*c**2 - 16*c + 2*c**2. Suppose -10*x - 40 = 3*k - 11*x, 12 = -k + x. What is the remainder when 66 is divided by v(k)?
20
Suppose -109 = -5*q + 3*j, 105 = 11*j + 28. Calculate the remainder when 495 is divided by q.
1
Let p(z) = -z**3 + 4*z**2 + 9*z - 15. Let v be p(6). Let w = 37 + v. Calculate the remainder when (-33)/2*(11 + (-407)/33) is divided by w.
2
Let l = -15 + 33. Suppose -l = -6*g + 72. Suppose -7*k - g = -85. Calculate the remainder when 18 is divided by k.
8
Suppose -35*w - 2*w + 2146 = 0. Let b = -47 + w. What is the remainder when 41 is divided by b?
8
Suppose -v = -4*k + 4*v + 872, -5*k + 4*v + 1081 = 0. Calculate the remainder when k is divided by 183.
30
Let n(g) = 23*g**2 + 3*g - 7. Let z be n(3). Suppose d = -3*w + z, 2*w - 54 - 76 = -3*d. Calculate the remainder when w is divided by 21.
8
Let n = -7440 - -7576. Calculate the remainder when 347 is divided by n.
75
Suppose 4*h = -5*c - 259, -2*h - 224 = 4*c - 3*h. What is the remainder when 31 is divided by (-2)/(-10) - (5 + 484/c)?
3
Let f(u) = 9*u - 51. What is the remainder when 1572 is divided by f(6)?
0
Let o(s) = s**3 + 16*s**2 + 33*s - 19. Let d be o(-13). Let j = d + -35. What is the remainder when 527 is divided by j?
23
Suppose 470 + 570 = -5*u. Let h = 501 + u. Calculate the remainder when h is divided by 76.
65
Suppose -16*t + 225 = -7*t. Suppose -20*v = -17*v - 6, s - v - t = 0. Let x = -5 + 19. What is the remainder when s is divided by x?
13
Let h = 659 + -111. Let t = h - -111. Calculate the remainder when t is divided by 60.
59
Suppose -4*a + 3*o + 198 = 0, -4*a = -12*o + 10*o - 192. What is the remainder when 345 is divided by a?
30
Suppose -14*f = -6382 - 1556. Suppose 0 = 42*k - 21*k - f. What is the remainder when k is divided by 5?
2
Let v(m) = -m**3 - 54*m**2 + 497*m + 93. Calculate the remainder when v(-62) is divided by 6.
1
Suppose -12*o + 14*o - 3106 = 0. Calculate the remainder when o is divided by 42.
41
Suppose 71*g = 30*g + 467 + 1706. What is the remainder when 276 is divided by g?
11
Let y(s) = -s**2 + 11*s + 26. Let x be y(13). Suppose x = d - 6*d + 515. Calculate the remainder when d is divided by 30.
13
Suppose -8*j + 3*j + 9 = 2*c, 4*c = 2*j + 6. Calculate the remainder when ((-176)/(-6))/(c/6) is divided by 14 + -2*27/(-72)*(-3